7. Let u(v) = 4*v - 10. Let t be u(7). What is the greatest common divisor of x and t?
6
Suppose -4*x + 8*x = -8. Let f be 81/3 - (x - 1). What is the greatest common factor of 6 and f?
6
Let f = 11 + -9. Let j = -7 + 11. Suppose 85 = f*w + 3*r, -j*r = -5*w - 0*w + 270. Calculate the greatest common divisor of w and 10.
10
Let z = 0 - 0. Suppose -12 = r - 3*k, -2*k + 1 + 7 = 2*r. Suppose 5*f - 10 = z, r = y - 4*y + 5*f + 62. Calculate the greatest common divisor of 8 and y.
8
Let m be (-21 - -23) + (0 - -43) + -1. What is the highest common divisor of m and 66?
22
Let x(n) = -8*n. Let u be x(-1). Let d be (-8)/2*u/(-2). What is the highest common divisor of 32 and d?
16
Suppose -72 = -5*n + d - 2*d, 3*n - 33 = -4*d. Calculate the greatest common factor of 105 and n.
15
Suppose 2*x - 8*x = -690. What is the highest common factor of 23 and x?
23
Let s(d) = -d**3 - 6*d**2 - 8*d - 3. Let f be s(-9). Let w = f - 208. Calculate the greatest common factor of w and 13.
13
Suppose 4*u + 0*u = 20. Suppose u*m + 0*m - 330 = 0. Calculate the greatest common divisor of m and 22.
22
Let j be -2 + 3 - -1 - -4. Suppose -4*n + 4*w + 56 = 0, -5*n + 3*w - 2*w + 86 = 0. Calculate the highest common divisor of n and j.
6
Suppose 0 = -g - 5*a - 2 - 9, -5*a - 15 = 0. Let b(c) = -c**2 + 10*c - 9. Let n be b(6). Suppose -63 = -4*q - n. What is the highest common divisor of q and g?
4
Suppose 0 = -j - 5*f + 24, 4*f = -5*j + 50 - 14. Calculate the highest common divisor of 2 and j.
2
Let j = -4 - -22. Suppose 0*d = -5*w + d + 63, 3*w - 3*d = 45. What is the highest common factor of w and j?
6
Let o = -13 + 34. Let f be 4/(-6) - (-182)/o. Calculate the highest common factor of 12 and f.
4
Suppose -56 = -4*o + 4. What is the greatest common factor of o and 75?
15
Let y(u) = -u**2 + 7*u - 1. Let s be y(6). Suppose -s*o + 9 = -16. Suppose o = 2*i - 33. Calculate the highest common divisor of 38 and i.
19
Let h = -52 - -136. Let c be -1 - 0 - 13*-1. Calculate the greatest common divisor of c and h.
12
Suppose 3*c + 3 = -0. Let v = c + 56. Suppose 3*b + 2*b - v = 0. Calculate the greatest common factor of b and 22.
11
Suppose 3*h - 198 = -0*h. Suppose 0 = 2*q + q - h. What is the highest common factor of 11 and q?
11
Suppose 0 = 4*h - 4*w - 184, -w = 3*h - 30 - 116. What is the greatest common factor of 72 and h?
24
Let t be -2 - (24/6 - 101). Calculate the highest common factor of 5 and t.
5
Let s(y) = y**2 + 7*y + 8. Let i be s(-6). Let g be (-63)/(4/(-2 - i)). Calculate the highest common factor of g and 7.
7
Suppose -1141 = -4*n - 341. Suppose 110 = 5*a + 3*z, 4*z = 2*a + a - 95. What is the highest common factor of a and n?
25
Let r = -12 + 4. Let a be 10/4*r/(-10). Let f be a - (-43 - 1)/2. Calculate the highest common divisor of 16 and f.
8
Let l = 42 + -15. What is the highest common divisor of l and 3?
3
Let n be (-47)/(-2) - 0 - (-48)/(-32). Calculate the highest common divisor of n and 198.
22
Suppose -2*m - 9 + 37 = 0. Calculate the greatest common factor of m and 56.
14
Let k be 1*-2 + (-4)/4. Let o be ((-1)/k)/(1/6). Suppose -3*m - o*m - 5*a + 795 = 0, -3*m + 3*a = -447. What is the greatest common divisor of 14 and m?
14
Let p = 9 + -7. What is the greatest common factor of 8 and p?
2
Suppose -5*d - 3*p + 2990 = 0, 5*d - 3433 + 443 = p. Let q be d/22 + 2/(-11). Let o = q + -12. What is the greatest common divisor of o and 30?
15
Suppose -5*n + 106 = 31. Suppose 0 = 4*b - 2*b - 4. Suppose -b*i + 39 + n = 4*r, -3*i - 9 = 0. What is the highest common factor of 120 and r?
15
Let d = 324 - 231. Let k be ((-9)/(-3))/1 + d. Let z be (-47)/(-4) - (-4)/16. What is the greatest common divisor of z and k?
12
Let k be ((-696)/42)/1*(-14)/4. Calculate the greatest common factor of 116 and k.
58
Suppose -12 = -3*j + j. Let y be 3/((-6)/(-8)) + -2. Suppose y*b - j = b. Calculate the highest common divisor of 24 and b.
6
Suppose -6*h = -4*h - 12. Suppose h*s + 12 = 2*s. Let i be (9/2)/(s/(-6)). Calculate the highest common factor of i and 18.
9
Suppose -a + 18 = -2. Let y = -51 + 101. Calculate the highest common divisor of a and y.
10
Suppose -5*f + 8 = -p, f + p - 5*p = -6. Let w(i) = -4*i - 2. Let r be w(-5). Calculate the highest common factor of r and f.
2
Let w(m) = -15*m. Let x be w(-6). Let p(u) = -201*u + 1. Let b be p(-1). Let t = b - x. Calculate the highest common factor of t and 16.
16
Suppose 70 = -5*d + 7*d. What is the highest common factor of 5 and d?
5
Suppose 4*v + 14 = q, 2*q - 33 = 4*v + 11. Suppose -2*k - k = -240. Suppose -t + 20 = -x, 2*x - k = -5*t + 3*x. Calculate the greatest common factor of t and q.
15
Suppose 4*n - 5*d + 31 = 95, -n + 9 = -3*d. What is the greatest common divisor of n and 14?
7
Let d(l) = 3*l - 1. Let m be d(1). Suppose 0*k + m*k + 4*r - 68 = 0, -4*r + 158 = 5*k. What is the highest common factor of k and 15?
15
Let p be 36*(-2)/(-12)*3. Calculate the greatest common factor of p and 9.
9
Let y = 4 - 1. Suppose -p = 2*a - 5, -2*a = p - y*a - 11. Calculate the greatest common divisor of 36 and p.
9
Suppose 0 = -3*x - 2*x - 805. Let p be x/(-1) - 5/5. What is the highest common factor of 16 and p?
16
Suppose -2*r + 19 + 5 = 0. Let n(u) = 3*u**2 + u - 1. Let j be n(-3). Let q = j - r. What is the greatest common factor of 11 and q?
11
Let y = -6 + -3. Let h be (30/y)/((-1)/33). What is the highest common divisor of h and 10?
10
Suppose 5*v + 4*d = 77, -3*d + 79 = 3*v + 2*v. Calculate the greatest common divisor of v and 119.
17
Let r(t) = t**3 - 6*t**2 + 5. Let i be r(6). Suppose 2*j - o - 18 = -2*o, 5*j = -o + 48. What is the highest common divisor of i and j?
5
Suppose -j = -f + 1 + 1, 0 = 2*j + 3*f - 1. Let p = 6 + j. What is the greatest common factor of p and 10?
5
Suppose -8 = -4*f, -5*d + 7*f = 3*f + 23. Let n be ((-20)/3)/(1/d). What is the highest common divisor of 80 and n?
20
Let k = 9 - 7. Calculate the highest common factor of 10 and k.
2
Let o be ((-6)/12)/(2/36). Let n(s) = 2*s**2 + 7*s + 11. Let j be n(o). What is the greatest common factor of j and 10?
10
Let t be 6/21 - (900/(-21))/4. Calculate the highest common factor of t and 1.
1
Let z = -5 - -12. Suppose 2*a - 4*x + 2 = 0, -10 + 2 = -5*a - 3*x. Calculate the highest common factor of z and a.
1
Suppose -3*t + 57 = -0*t. What is the greatest common factor of 133 and t?
19
Let z be (-6)/(-4) - (-114)/12. Let g be 3 + -1 + -2 + z. Calculate the highest common divisor of 77 and g.
11
Let a be (-7)/(3/(-60)*2). Let d be a/1 + (2 - 2). Let p(h) = -8*h + 4. Let q be p(-3). What is the greatest common factor of q and d?
14
Suppose -5*z = 3*h + 7, -5*h + 1 = 2*z + 19. Suppose -3 = -f - z. Let m be 21/f*48/14. What is the greatest common divisor of m and 12?
12
Let h = 30 + -15. Let a = 61 - 16. What is the greatest common factor of h and a?
15
Suppose 0 = -4*j - 54 + 386. Let m(l) = -2*l - 3. Let s be m(4). Let n = j + s. Calculate the highest common divisor of n and 18.
18
Let l be -1 - -3 - (-8 + -1). Suppose f - 4*h - h = -l, 0 = 3*h - 3. Let a be (-24)/4*8/f. Calculate the greatest common divisor of a and 56.
8
Suppose -4*g + 64 = -g - 5*u, 41 = 2*g - 3*u. Calculate the highest common factor of 91 and g.
13
Suppose 5*y = 2*y + 48. Calculate the greatest common factor of 32 and y.
16
Let b = -84 + 196. Calculate the highest common factor of 16 and b.
16
Suppose 4*x - 2 - 6 = 0. Let g be (2 - -2) + (x - 0). What is the highest common divisor of 4 and g?
2
Let p = 16 + 12. Calculate the highest common divisor of 4 and p.
4
Let j(d) = -d**2 + 6*d - 6. Let a be j(4). Suppose a*s = -s + 36. What is the highest common factor of s and 8?
4
Suppose 5*j + 27 = x, 14 = 3*x - 3*j - 19. What is the highest common divisor of 1 and x?
1
Let f be ((-105)/(-9))/((-2)/(-6)). Let a = f + -23. Calculate the greatest common divisor of 6 and a.
6
Suppose -21*q + 9*q = -168. What is the highest common divisor of q and 6?
2
Suppose 12 = -2*r + c - 4*c, 0 = 5*r - 5*c - 20. Suppose -d + 22 = -r*d. Calculate the highest common factor of 33 and d.
11
Let f(d) = -d**2 - d + 33. Let a be f(0). Suppose -a - 55 = -x. Suppose 0 = 5*n - 2 - 38. Calculate the highest common factor of x and n.
8
Let w = -99 + 163. Calculate the highest common factor of 16 and w.
16
Suppose -5*y = -5*c + 85, 9*c - 